{"id":106,"date":"2026-03-11T16:17:34","date_gmt":"2026-03-11T16:17:34","guid":{"rendered":"http:\/\/xcnamfo.cluster121.hosting.ovh.net\/?page_id=106"},"modified":"2026-03-14T10:50:07","modified_gmt":"2026-03-14T09:50:07","slug":"le-portfolio","status":"publish","type":"page","link":"https:\/\/www.polette-studio.fr\/index.php\/le-portfolio\/","title":{"rendered":"LE PORTFOLIO"},"content":{"rendered":"\t\t<div data-elementor-type=\"wp-page\" data-elementor-id=\"106\" class=\"elementor elementor-106\">\n\t\t\t\t<div class=\"elementor-element elementor-element-5b2867b8 e-flex e-con-boxed e-con e-parent\" data-id=\"5b2867b8\" data-element_type=\"container\" data-e-type=\"container\">\n\t\t\t\t\t<div class=\"e-con-inner\">\n\t\t<div class=\"elementor-element elementor-element-3e7988c9 e-con-full e-flex e-con e-child\" data-id=\"3e7988c9\" data-element_type=\"container\" data-e-type=\"container\">\n\t\t\t\t<div class=\"elementor-element elementor-element-1c313bd elementor-position-inline-start elementor-view-default elementor-mobile-position-block-start elementor-widget elementor-widget-icon-box\" data-id=\"1c313bd\" data-element_type=\"widget\" data-e-type=\"widget\" data-widget_type=\"icon-box.default\">\n\t\t\t\t\t\t\t<div class=\"elementor-icon-box-wrapper\">\n\n\t\t\t\t\t\t<div class=\"elementor-icon-box-icon\">\n\t\t\t\t<a href=\"https:\/\/www.polette-studio.fr\/index.php\/home\/\" class=\"elementor-icon\" tabindex=\"-1\">\n\t\t\t\t<svg xmlns=\"http:\/\/www.w3.org\/2000\/svg\" width=\"500\" height=\"500\" viewBox=\"0 0 375 375\" preserveAspectRatio=\"xMidYMid meet\"><defs><clipPath id=\"a2eb183739\"><rect x=\"0\" width=\"89\" y=\"0\" height=\"150\"><\/rect><\/clipPath><clipPath id=\"53f8793656\"><rect x=\"0\" width=\"77\" y=\"0\" height=\"151\"><\/rect><\/clipPath><clipPath id=\"70811822eb\"><path d=\"M 103.9 133.1 L 249.9 133.1 L 249.9 279.7 L 103.9 279.7 Z\"><\/path><\/clipPath><clipPath id=\"79f65ec99e\"><path d=\"M 103.9 279.7 C 103.9 241.3 119.5 203.7 146.7 176.5 C 173.8 149.3 211.5 133.7 249.9 133.7 L 249.9 208.2 C 231.1 208.2 212.7 215.8 199.3 229.2 C 186 242.5 178.4 260.9 178.4 279.7 Z\"><\/path><\/clipPath><clipPath id=\"e83dc9971c\"><path d=\"M 0.9 0.6 L 146.9 0.6 L 146.9 146.7 L 0.9 146.7 Z\"><\/path><\/clipPath><clipPath id=\"4bb902e010\"><path d=\"M 0.9 146.7 C 0.9 108.3 16.5 70.7 43.7 43.5 C 70.8 16.3 108.5 0.7 146.9 0.7 L 146.9 75.2 C 128.1 75.2 109.7 82.8 96.3 96.2 C 83 109.5 75.4 127.9 75.4 146.7 Z\"><\/path><\/clipPath><\/defs><rect x=\"0\" y=\"0\" width=\"375\" height=\"375\" fill=\"#fff9f1\"><\/rect><g transform=\"translate(93, 51)\"><g clip-path=\"url(#a2eb183739)\"><path fill=\"#9bc1f9\" d=\"M 36.8 123.3 L 5.2 123.3 L 5.2 35.8 L 50.5 35.8 C 57.7 35.9 64.1 37.1 69.6 39.4 C 75.1 41.7 79.4 45.1 82.5 49.6 C 85.6 54.2 87.1 59.9 87.1 66.9 C 87.1 73.8 85.6 79.5 82.6 84.1 C 79.5 88.7 75.3 92.3 69.8 94.6 C 64.3 97 57.8 98.2 50.4 98.2 L 33.9 98.2 Z M 33.9 73.2 L 33.9 82.9 L 49.4 82.9 C 55.3 82.9 58.3 81.3 58.3 78.1 C 58.3 76.1 57.4 74.7 55.6 74.1 C 53.9 73.5 51.8 73.2 49.5 73.2 Z\"><\/path><\/g><\/g><g transform=\"translate(198, 172)\"><g clip-path=\"url(#53f8793656)\"><path fill=\"#9bc1f9\" d=\"M 38.5 125.9 C 27.3 125.9 18.6 123 12.2 117.1 C 5.9 111.2 2.7 103.1 2.7 92.8 C 2.7 82.4 5.9 74.2 12.2 68.4 C 18.6 62.6 27.3 59.6 38.5 59.6 C 49.8 59.6 58.6 62.6 65 68.4 C 71.3 74.2 74.5 82.4 74.5 92.8 C 74.5 103.1 71.3 111.2 65 117.1 C 58.6 123 49.8 125.9 38.5 125.9 Z M 38.5 99.6 C 46.8 99.6 51 97.9 51 94.7 C 51 93.2 50 92 47.9 91.1 C 45.8 90.1 42.7 89.7 38.5 89.7 C 34.5 89.7 31.4 90.1 29.4 91.1 C 27.3 92 26.2 93.2 26.2 94.7 C 26.2 97.9 30.3 99.6 38.5 99.6 Z\"><\/path><\/g><\/g><g clip-path=\"url(#70811822eb)\"><g clip-path=\"url(#79f65ec99e)\"><path fill=\"#9bc1f9\" d=\"M 104.8 133.9 L 250.8 133.9 L 250.8 279.9 L 104.8 279.9 Z\"><\/path><\/g><\/g><\/svg>\t\t\t\t<\/a>\n\t\t\t<\/div>\n\t\t\t\n\t\t\t\n\t\t<\/div>\n\t\t\t\t\t\t<\/div>\n\t\t\t\t<\/div>\n\t\t<div class=\"elementor-element elementor-element-256f6432 e-con-full e-flex e-con e-child\" data-id=\"256f6432\" data-element_type=\"container\" data-e-type=\"container\">\n\t\t\t\t<div class=\"elementor-element elementor-element-5ca371f3 elementor-icon-list--layout-inline elementor-list-item-link-inline elementor-align-end elementor-widget__width-auto elementor-widget elementor-widget-icon-list\" data-id=\"5ca371f3\" data-element_type=\"widget\" data-e-type=\"widget\" data-widget_type=\"icon-list.default\">\n\t\t\t\t\t\t\t<ul class=\"elementor-icon-list-items elementor-inline-items\">\n\t\t\t\t\t\t\t<li class=\"elementor-icon-list-item elementor-inline-item\">\n\t\t\t\t\t\t\t\t\t\t\t<a href=\"https:\/\/www.polette-studio.fr\/index.php\/le-portfolio\/\">\n\n\t\t\t\t\t\t\t\t\t\t\t<span class=\"elementor-icon-list-text\">LE PORTFOLIO<\/span>\n\t\t\t\t\t\t\t\t\t\t\t<\/a>\n\t\t\t\t\t\t\t\t\t<\/li>\n\t\t\t\t\t\t\t\t<li class=\"elementor-icon-list-item elementor-inline-item\">\n\t\t\t\t\t\t\t\t\t\t\t<a href=\"https:\/\/www.polette-studio.fr\/index.php\/la-methode\/\">\n\n\t\t\t\t\t\t\t\t\t\t\t<span class=\"elementor-icon-list-text\">LA M\u00c9THODE<\/span>\n\t\t\t\t\t\t\t\t\t\t\t<\/a>\n\t\t\t\t\t\t\t\t\t<\/li>\n\t\t\t\t\t\t\t\t<li class=\"elementor-icon-list-item elementor-inline-item\">\n\t\t\t\t\t\t\t\t\t\t\t<a href=\"https:\/\/www.polette-studio.fr\/index.php\/le-studio\/\">\n\n\t\t\t\t\t\t\t\t\t\t\t<span class=\"elementor-icon-list-text\">LE STUDIO<\/span>\n\t\t\t\t\t\t\t\t\t\t\t<\/a>\n\t\t\t\t\t\t\t\t\t<\/li>\n\t\t\t\t\t\t\t\t<li class=\"elementor-icon-list-item elementor-inline-item\">\n\t\t\t\t\t\t\t\t\t\t\t<a href=\"https:\/\/www.polette-studio.fr\/index.php\/contact\/\">\n\n\t\t\t\t\t\t\t\t\t\t\t<span class=\"elementor-icon-list-text\">CONTACT<\/span>\n\t\t\t\t\t\t\t\t\t\t\t<\/a>\n\t\t\t\t\t\t\t\t\t<\/li>\n\t\t\t\t\t\t<\/ul>\n\t\t\t\t\t\t<\/div>\n\t\t\t\t<\/div>\n\t\t\t\t\t<\/div>\n\t\t\t\t<\/div>\n\t\t<div class=\"elementor-element elementor-element-3314d9a5 e-flex e-con-boxed e-con e-parent\" data-id=\"3314d9a5\" data-element_type=\"container\" data-e-type=\"container\">\n\t\t\t\t\t<div class=\"e-con-inner\">\n\t\t\t\t<div class=\"elementor-element elementor-element-2e7fc2 elementor-widget elementor-widget-heading\" data-id=\"2e7fc2\" data-element_type=\"widget\" data-e-type=\"widget\" data-widget_type=\"heading.default\">\n\t\t\t\t\t<h2 class=\"elementor-heading-title elementor-size-default\">LE PORTFOLIO<\/h2>\t\t\t\t<\/div>\n\t\t\t\t\t<\/div>\n\t\t\t\t<\/div>\n\t\t<div class=\"elementor-element elementor-element-431cdf32 e-flex e-con-boxed e-con e-parent\" data-id=\"431cdf32\" data-element_type=\"container\" data-e-type=\"container\">\n\t\t\t\t\t<div class=\"e-con-inner\">\n\t\t\t\t<div class=\"elementor-element elementor-element-2dbcb602 elementor-widget elementor-widget-heading\" data-id=\"2dbcb602\" data-element_type=\"widget\" data-e-type=\"widget\" data-widget_type=\"heading.default\">\n\t\t\t\t\t<h2 class=\"elementor-heading-title elementor-size-default\"><b>Du diagnostic spatial \u00e0 la r\u00e9ception de chantier<\/b> : une s\u00e9lection de r\u00e9alisations d\u00e9finies par une <b>conception rationnelle<\/b> et une <b>ma\u00eetrise technique<\/b> <b>rigoureuse<\/b>, garantissant l'\u00e9quilibre entre usage, esth\u00e9tique et contraintes structurelles.<\/h2>\t\t\t\t<\/div>\n\t\t\t\t\t<\/div>\n\t\t\t\t<\/div>\n\t\t<div class=\"elementor-element elementor-element-19ffd54 e-flex e-con-boxed e-con e-parent\" data-id=\"19ffd54\" data-element_type=\"container\" data-e-type=\"container\">\n\t\t\t\t\t<div class=\"e-con-inner\">\n\t\t<div class=\"elementor-element elementor-element-538b33f e-con-full e-flex e-con e-child\" data-id=\"538b33f\" data-element_type=\"container\" data-e-type=\"container\">\n\t\t\t\t<div class=\"elementor-element elementor-element-3eb5de5 elementor-widget elementor-widget-image\" data-id=\"3eb5de5\" data-element_type=\"widget\" data-e-type=\"widget\" data-widget_type=\"image.default\">\n\t\t\t\t\t\t\t\t\t\t\t\t\t\t\t<img fetchpriority=\"high\" decoding=\"async\" width=\"800\" height=\"576\" src=\"https:\/\/www.polette-studio.fr\/wp-content\/uploads\/2026\/03\/Capture-2026-03-11-171903-1024x737.png\" class=\"attachment-large size-large wp-image-117\" alt=\"\" srcset=\"https:\/\/www.polette-studio.fr\/wp-content\/uploads\/2026\/03\/Capture-2026-03-11-171903-1024x737.png 1024w, https:\/\/www.polette-studio.fr\/wp-content\/uploads\/2026\/03\/Capture-2026-03-11-171903-300x216.png 300w, https:\/\/www.polette-studio.fr\/wp-content\/uploads\/2026\/03\/Capture-2026-03-11-171903-768x553.png 768w, https:\/\/www.polette-studio.fr\/wp-content\/uploads\/2026\/03\/Capture-2026-03-11-171903.png 1500w\" sizes=\"(max-width: 800px) 100vw, 800px\" \/>\t\t\t\t\t\t\t\t\t\t\t\t\t\t\t<\/div>\n\t\t\t\t<\/div>\n\t\t<div class=\"elementor-element elementor-element-73843a5 e-con-full e-flex e-con e-child\" data-id=\"73843a5\" data-element_type=\"container\" data-e-type=\"container\">\n\t\t\t\t<div class=\"elementor-element elementor-element-90dd197 elementor-widget elementor-widget-spacer\" data-id=\"90dd197\" data-element_type=\"widget\" data-e-type=\"widget\" data-widget_type=\"spacer.default\">\n\t\t\t\t\t\t\t<div class=\"elementor-spacer\">\n\t\t\t<div class=\"elementor-spacer-inner\"><\/div>\n\t\t<\/div>\n\t\t\t\t\t\t<\/div>\n\t\t\t\t<div class=\"elementor-element elementor-element-e2bf64e elementor-widget elementor-widget-heading\" data-id=\"e2bf64e\" data-element_type=\"widget\" data-e-type=\"widget\" data-widget_type=\"heading.default\">\n\t\t\t\t\t<h2 class=\"elementor-heading-title elementor-size-default\">Projet <br>Ravine Blanche<\/h2>\t\t\t\t<\/div>\n\t\t\t\t<div class=\"elementor-element elementor-element-ea82365 elementor-widget elementor-widget-heading\" data-id=\"ea82365\" data-element_type=\"widget\" data-e-type=\"widget\" data-widget_type=\"heading.default\">\n\t\t\t\t\t<h2 class=\"elementor-heading-title elementor-size-default\">ILE DE LA R\u00c9UNION<\/h2>\t\t\t\t<\/div>\n\t\t\t\t<div class=\"elementor-element elementor-element-06957c6 elementor-widget elementor-widget-heading\" data-id=\"06957c6\" data-element_type=\"widget\" data-e-type=\"widget\" data-widget_type=\"heading.default\">\n\t\t\t\t\t<h2 class=\"elementor-heading-title elementor-size-default\"><b>Surface<\/b><span style=\"font-weight: normal\"> : 12m2<\/span><\/h2>\t\t\t\t<\/div>\n\t\t\t\t<div class=\"elementor-element elementor-element-85f9ad4 elementor-widget-divider--view-line elementor-widget elementor-widget-divider\" data-id=\"85f9ad4\" data-element_type=\"widget\" data-e-type=\"widget\" data-widget_type=\"divider.default\">\n\t\t\t\t\t\t\t<div class=\"elementor-divider\">\n\t\t\t<span class=\"elementor-divider-separator\">\n\t\t\t\t\t\t<\/span>\n\t\t<\/div>\n\t\t\t\t\t\t<\/div>\n\t\t\t\t<div class=\"elementor-element elementor-element-3f51a74 elementor-widget elementor-widget-heading\" data-id=\"3f51a74\" data-element_type=\"widget\" data-e-type=\"widget\" data-widget_type=\"heading.default\">\n\t\t\t\t\t<h2 class=\"elementor-heading-title elementor-size-default\"><b>Scope<\/b><span style=\"font-weight: normal\"> : R\u00e9novation d'un bureau modulable<\/span><\/h2>\t\t\t\t<\/div>\n\t\t\t\t<div class=\"elementor-element elementor-element-7857e14 elementor-widget-divider--view-line elementor-widget elementor-widget-divider\" data-id=\"7857e14\" data-element_type=\"widget\" data-e-type=\"widget\" data-widget_type=\"divider.default\">\n\t\t\t\t\t\t\t<div class=\"elementor-divider\">\n\t\t\t<span class=\"elementor-divider-separator\">\n\t\t\t\t\t\t<\/span>\n\t\t<\/div>\n\t\t\t\t\t\t<\/div>\n\t\t\t\t<div class=\"elementor-element elementor-element-63efceb elementor-widget elementor-widget-heading\" data-id=\"63efceb\" data-element_type=\"widget\" data-e-type=\"widget\" data-widget_type=\"heading.default\">\n\t\t\t\t\t<h2 class=\"elementor-heading-title elementor-size-default\"><b>Mission<\/b><span style=\"font-weight: normal\"> : Optimisation &amp; Modularit\u00e9<\/span><\/h2>\t\t\t\t<\/div>\n\t\t\t\t<\/div>\n\t\t\t\t\t<\/div>\n\t\t\t\t<\/div>\n\t\t<div class=\"elementor-element elementor-element-dfadb5b e-flex e-con-boxed e-con e-parent\" data-id=\"dfadb5b\" data-element_type=\"container\" data-e-type=\"container\">\n\t\t\t\t\t<div class=\"e-con-inner\">\n\t\t<div class=\"elementor-element elementor-element-b4eb8a0 e-con-full e-flex e-con e-child\" data-id=\"b4eb8a0\" data-element_type=\"container\" data-e-type=\"container\">\n\t\t\t\t<div class=\"elementor-element elementor-element-456636d elementor-widget elementor-widget-image\" data-id=\"456636d\" data-element_type=\"widget\" data-e-type=\"widget\" data-widget_type=\"image.default\">\n\t\t\t\t\t\t\t\t\t\t\t\t\t\t\t<img decoding=\"async\" width=\"800\" height=\"570\" src=\"https:\/\/www.polette-studio.fr\/wp-content\/uploads\/2026\/03\/Capture-2026-03-11-174030-1024x729.png\" class=\"attachment-large size-large wp-image-118\" alt=\"\" srcset=\"https:\/\/www.polette-studio.fr\/wp-content\/uploads\/2026\/03\/Capture-2026-03-11-174030-1024x729.png 1024w, https:\/\/www.polette-studio.fr\/wp-content\/uploads\/2026\/03\/Capture-2026-03-11-174030-300x214.png 300w, https:\/\/www.polette-studio.fr\/wp-content\/uploads\/2026\/03\/Capture-2026-03-11-174030-768x547.png 768w, https:\/\/www.polette-studio.fr\/wp-content\/uploads\/2026\/03\/Capture-2026-03-11-174030.png 1516w\" sizes=\"(max-width: 800px) 100vw, 800px\" \/>\t\t\t\t\t\t\t\t\t\t\t\t\t\t\t<\/div>\n\t\t\t\t<\/div>\n\t\t<div class=\"elementor-element elementor-element-e6b8087 e-con-full e-flex e-con e-child\" data-id=\"e6b8087\" data-element_type=\"container\" data-e-type=\"container\">\n\t\t\t\t<div class=\"elementor-element elementor-element-f216606 elementor-widget elementor-widget-spacer\" data-id=\"f216606\" data-element_type=\"widget\" data-e-type=\"widget\" data-widget_type=\"spacer.default\">\n\t\t\t\t\t\t\t<div class=\"elementor-spacer\">\n\t\t\t<div class=\"elementor-spacer-inner\"><\/div>\n\t\t<\/div>\n\t\t\t\t\t\t<\/div>\n\t\t\t\t<div class=\"elementor-element elementor-element-42953a5 elementor-widget elementor-widget-heading\" data-id=\"42953a5\" data-element_type=\"widget\" data-e-type=\"widget\" data-widget_type=\"heading.default\">\n\t\t\t\t\t<h2 class=\"elementor-heading-title elementor-size-default\">Projet D\u00c9BARCAD\u00c8RE<\/h2>\t\t\t\t<\/div>\n\t\t\t\t<div class=\"elementor-element elementor-element-d2f73f0 elementor-widget elementor-widget-heading\" data-id=\"d2f73f0\" data-element_type=\"widget\" data-e-type=\"widget\" data-widget_type=\"heading.default\">\n\t\t\t\t\t<h2 class=\"elementor-heading-title elementor-size-default\">MORBIHAN<\/h2>\t\t\t\t<\/div>\n\t\t\t\t<div class=\"elementor-element elementor-element-672da69 elementor-widget elementor-widget-heading\" data-id=\"672da69\" data-element_type=\"widget\" data-e-type=\"widget\" data-widget_type=\"heading.default\">\n\t\t\t\t\t<h2 class=\"elementor-heading-title elementor-size-default\"><b>Surface<\/b><span style=\"font-weight: normal\"> : 12m2<\/span><\/h2>\t\t\t\t<\/div>\n\t\t\t\t<div class=\"elementor-element elementor-element-5c8c5a6 elementor-widget-divider--view-line elementor-widget elementor-widget-divider\" data-id=\"5c8c5a6\" data-element_type=\"widget\" data-e-type=\"widget\" data-widget_type=\"divider.default\">\n\t\t\t\t\t\t\t<div class=\"elementor-divider\">\n\t\t\t<span class=\"elementor-divider-separator\">\n\t\t\t\t\t\t<\/span>\n\t\t<\/div>\n\t\t\t\t\t\t<\/div>\n\t\t\t\t<div class=\"elementor-element elementor-element-c331481 elementor-widget elementor-widget-heading\" data-id=\"c331481\" data-element_type=\"widget\" data-e-type=\"widget\" data-widget_type=\"heading.default\">\n\t\t\t\t\t<h2 class=\"elementor-heading-title elementor-size-default\"><b>Scope<\/b><span style=\"font-weight: normal\"> : R\u00e9novation d'un bureau modulable<\/span><\/h2>\t\t\t\t<\/div>\n\t\t\t\t<div class=\"elementor-element elementor-element-8a722ec elementor-widget-divider--view-line elementor-widget elementor-widget-divider\" data-id=\"8a722ec\" data-element_type=\"widget\" data-e-type=\"widget\" data-widget_type=\"divider.default\">\n\t\t\t\t\t\t\t<div class=\"elementor-divider\">\n\t\t\t<span class=\"elementor-divider-separator\">\n\t\t\t\t\t\t<\/span>\n\t\t<\/div>\n\t\t\t\t\t\t<\/div>\n\t\t\t\t<div class=\"elementor-element elementor-element-935d9b9 elementor-widget elementor-widget-heading\" data-id=\"935d9b9\" data-element_type=\"widget\" data-e-type=\"widget\" data-widget_type=\"heading.default\">\n\t\t\t\t\t<h2 class=\"elementor-heading-title elementor-size-default\"><b>Mission<\/b><span style=\"font-weight: normal\"> : Optimisation &amp; Modularit\u00e9<\/span><\/h2>\t\t\t\t<\/div>\n\t\t\t\t<\/div>\n\t\t\t\t\t<\/div>\n\t\t\t\t<\/div>\n\t\t<div class=\"elementor-element elementor-element-dc0d4e e-flex e-con-boxed e-con e-parent\" data-id=\"dc0d4e\" data-element_type=\"container\" data-e-type=\"container\">\n\t\t\t\t\t<div class=\"e-con-inner\">\n\t\t\t\t<div class=\"elementor-element elementor-element-288cf8f9 elementor-widget elementor-widget-spacer\" data-id=\"288cf8f9\" data-element_type=\"widget\" data-e-type=\"widget\" data-widget_type=\"spacer.default\">\n\t\t\t\t\t\t\t<div class=\"elementor-spacer\">\n\t\t\t<div class=\"elementor-spacer-inner\"><\/div>\n\t\t<\/div>\n\t\t\t\t\t\t<\/div>\n\t\t\t\t\t<\/div>\n\t\t\t\t<\/div>\n\t\t\t\t<\/div>\n\t\t","protected":false},"excerpt":{"rendered":"<p>LE PORTFOLIO LA M\u00c9THODE LE STUDIO CONTACT LE PORTFOLIO Du diagnostic spatial \u00e0 la r\u00e9ception de chantier : une s\u00e9lection de r\u00e9alisations d\u00e9finies par une conception rationnelle et une ma\u00eetrise technique rigoureuse, garantissant l&rsquo;\u00e9quilibre entre usage, esth\u00e9tique et contraintes structurelles. Projet Ravine Blanche ILE DE LA R\u00c9UNION Surface : 12m2 Scope : R\u00e9novation d&rsquo;un bureau [&hellip;]<\/p>\n","protected":false},"author":1,"featured_media":0,"parent":0,"menu_order":0,"comment_status":"closed","ping_status":"closed","template":"elementor_canvas","meta":{"footnotes":""},"class_list":["post-106","page","type-page","status-publish","hentry"],"_links":{"self":[{"href":"https:\/\/www.polette-studio.fr\/index.php\/wp-json\/wp\/v2\/pages\/106","targetHints":{"allow":["GET"]}}],"collection":[{"href":"https:\/\/www.polette-studio.fr\/index.php\/wp-json\/wp\/v2\/pages"}],"about":[{"href":"https:\/\/www.polette-studio.fr\/index.php\/wp-json\/wp\/v2\/types\/page"}],"author":[{"embeddable":true,"href":"https:\/\/www.polette-studio.fr\/index.php\/wp-json\/wp\/v2\/users\/1"}],"replies":[{"embeddable":true,"href":"https:\/\/www.polette-studio.fr\/index.php\/wp-json\/wp\/v2\/comments?post=106"}],"version-history":[{"count":40,"href":"https:\/\/www.polette-studio.fr\/index.php\/wp-json\/wp\/v2\/pages\/106\/revisions"}],"predecessor-version":[{"id":507,"href":"https:\/\/www.polette-studio.fr\/index.php\/wp-json\/wp\/v2\/pages\/106\/revisions\/507"}],"wp:attachment":[{"href":"https:\/\/www.polette-studio.fr\/index.php\/wp-json\/wp\/v2\/media?parent=106"}],"curies":[{"name":"wp","href":"https:\/\/api.w.org\/{rel}","templated":true}]}}